d by 170?
56
What is the remainder when 6937 is divided by 6897?
40
What is the remainder when 22509 is divided by 4?
1
Calculate the remainder when 85312 is divided by 3876.
40
What is the remainder when 8415 is divided by 113?
53
What is the remainder when 6426 is divided by 109?
104
What is the remainder when 3439 is divided by 90?
19
What is the remainder when 18435 is divided by 159?
150
What is the remainder when 10296 is divided by 467?
22
What is the remainder when 1838 is divided by 608?
14
What is the remainder when 69088 is divided by 658?
656
Calculate the remainder when 11907 is divided by 57.
51
Calculate the remainder when 19541 is divided by 24.
5
Calculate the remainder when 1257891 is divided by 198.
195
What is the remainder when 297448 is divided by 2860?
8
Calculate the remainder when 15228 is divided by 3806.
4
What is the remainder when 3496 is divided by 1734?
28
What is the remainder when 3945 is divided by 230?
35
What is the remainder when 56559 is divided by 3?
0
What is the remainder when 325953 is divided by 695?
693
What is the remainder when 27925 is divided by 13931?
63
Calculate the remainder when 96080 is divided by 12.
8
Calculate the remainder when 104241 is divided by 137.
121
Calculate the remainder when 9733 is divided by 1622.
1
What is the remainder when 7871 is divided by 63?
59
Calculate the remainder when 8261907 is divided by 410.
407
Calculate the remainder when 150 is divided by 132.
18
What is the remainder when 1127 is divided by 501?
125
What is the remainder when 51093 is divided by 25546?
1
What is the remainder when 81359 is divided by 48?
47
Calculate the remainder when 16727 is divided by 5517.
176
What is the remainder when 1513 is divided by 74?
33
Calculate the remainder when 1970 is divided by 71.
53
Calculate the remainder when 478 is divided by 275.
203
Calculate the remainder when 135875 is divided by 92.
83
What is the remainder when 6510 is divided by 5?
0
What is the remainder when 32027 is divided by 33?
17
What is the remainder when 33986 is divided by 33976?
10
Calculate the remainder when 1214152 is divided by 31951.
14
Calculate the remainder when 124809 is divided by 166.
143
What is the remainder when 84734 is divided by 64?
62
Calculate the remainder when 2225 is divided by 662.
239
Calculate the remainder when 266540 is divided by 482.
476
What is the remainder when 203126 is divided by 344?
166
Calculate the remainder when 1044 is divided by 8.
4
What is the remainder when 13617 is divided by 29?
16
Calculate the remainder when 329 is divided by 230.
99
What is the remainder when 374 is divided by 108?
50
What is the remainder when 3419 is divided by 9?
8
Calculate the remainder when 2610 is divided by 120.
90
What is the remainder when 35787 is divided by 95?
67
Calculate the remainder when 8727 is divided by 67.
17
Calculate the remainder when 25029 is divided by 78.
69
What is the remainder when 16455 is divided by 1645?
5
Calculate the remainder when 91109 is divided by 2679.
23
What is the remainder when 3969 is divided by 355?
64
What is the remainder when 38729 is divided by 879?
53
Calculate the remainder when 2917 is divided by 91.
5
What is the remainder when 95329 is divided by 2333?
2009
Calculate the remainder when 3046 is divided by 675.
346
What is the remainder when 2557 is divided by 267?
154
What is the remainder when 14482 is divided by 2896?
2
Calculate the remainder when 309200 is divided by 108.
104
Calculate the remainder when 24099 is divided by 360.
339
Calculate the remainder when 18466 is divided by 809.
668
Calculate the remainder when 1308712 is divided by 152.
144
What is the remainder when 23875 is divided by 167?
161
Calculate the remainder when 111512 is divided by 487.
476
Calculate the remainder when 20137 is divided by 442.
247
What is the remainder when 13659 is divided by 2665?
334
Calculate the remainder when 155948 is divided by 133.
72
What is the remainder when 39322 is divided by 7848?
82
What is the remainder when 225192 is divided by 110?
22
What is the remainder when 4234 is divided by 610?
574
What is the remainder when 5795 is divided by 26?
23
What is the remainder when 17202 is divided by 6?
0
What is the remainder when 340348 is divided by 251?
243
What is the remainder when 18926 is divided by 31?
16
Calculate the remainder when 1633 is divided by 290.
183
What is the remainder when 365 is divided by 332?
33
Calculate the remainder when 1226 is divided by 121.
16
Calculate the remainder when 81779 is divided by 40875.
29
What is the remainder when 36065 is divided by 334?
327
Calculate the remainder when 74837 is divided by 8.
5
What is the remainder when 10839 is divided by 605?
554
What is the remainder when 1559089 is divided by 519690?
19
What is the remainder when 193439 is divided by 193424?
15
What is the remainder when 7774 is divided by 2590?
4
What is the remainder when 105149 is divided by 6185?
4
Calculate the remainder when 7651 is divided by 232.
227
What is the remainder when 17260 is divided by 83?
79
Calculate the remainder when 5378 is divided by 5362.
16
What is the remainder when 7428 is divided by 460?
68
Calculate the remainder when 4646 is divided by 4643.
3
What is the remainder when 12597 is divided by 6248?
101
Calculate the remainder when 15308 is divided by 274.
238
Calculate the remainder when 28052 is divided by 118.
86
Calculate the remainder when 1279 is divided by 622.
35
Calculate the remainder when 84428 is divided by 42175.
78
What is the remainder when 8121 is divided by 278?
59
What is the remainder when 222803 is divided by 12?
11
What is the remainder when 229235 is divided by 26?
19
What is the remainder when 7495 is divided by 1219?
181
What is the remainder when 4660 is divided by 178?
32
What is the remainder when 8347 is divided by 8346?
1
Calculate the remainder when 190525 is divided by 916.
913
What is the remainder when 29246 is divided by 50?
46
What is the remainder when 12612 is divided by 3126?
108
What is the remainder when 28196 is divided by 28193?
3
Calculate the remainder when 315999 is divided by 125.
124
What is the remainder when 467 is divided by 353?
114
Calculate the remainder when 4763 is divided by 1730.
1303
Calculate the remainder when 36342 is divided by 28.
26
What is the remainder when 2301 is divided by 12?
9
What is the remainder when 41411 is divided by 135?
101
Calculate the remainder when 260240 is divided by 14.
8
What is the remainder when 40639 is divided by 13541?
16
Calculate the remainder when 3141 is divided by 833.
642
What is the remainder when 575541 is divided by 251?
249
What is the remainder when 12364 is divided by 374?
22
What is the remainder when 231010 is divided by 51?
31
What is the remainder when 367241 is divided by 68?
41
What is the remainder when 19074 is divided by 191?
165
What is the remainder when 11334 is divided by 1991?
1379
Calculate the remainder when 102626 is divided by 181.
180
What is the remainder when 600 is divided by 88?
72
Calculate the remainder when 142780 is divided by 63.
22
Calculate the remainder when 4717 is divided by 423.
64
Calculate the remainder when 5043 is divided by 2291.
461
Calculate the remainder when 3681 is divided by 5.
1
What is the remainder when 1818 is divided by 240?
138
Calculate the remainder when 995 is divided by 290.
125
Calculate the remainder when 265598 is divided by 746.
22
What is the remainder when 169314 is divided by 358?
338
Calculate the remainder when 24335 is divided by 208.
207
What is the remainder when 115702 is divided by 31?
10
What is the remainder when 7124 is divided by 268?
156
Calculate the remainder when 281672 is divided by 281647.
25
Calculate the remainder when 8913 is divided by 619.
247
Calculate the remainder when 91798 is divided by 20.
18
What is the remainder when 302915 is divided by 281?
278
Calculate the remainder when 15344 is divided by 15329.
15
Calculate the remainder when 613753 is divided by 58.
55
Calculate the remainder when 162550 is divided by 1626.
1576
What is the remainder when 5714 is divided by 957?
929
What is the remainder when 22552 is divided by 1326?
10
What is the remainder when 3477 is divided by 811?
233
What